 38.
19
What is the greatest common factor of 578782 and 587?
587
Calculate the highest common factor of 168 and 21189.
21
What is the greatest common divisor of 122645 and 45?
5
What is the greatest common divisor of 2733 and 1845?
3
Calculate the greatest common divisor of 50805 and 405.
45
What is the highest common factor of 206580 and 13200?
660
Calculate the greatest common factor of 452 and 125204.
452
Calculate the greatest common divisor of 2848 and 445.
89
What is the greatest common divisor of 18720 and 1760?
160
Calculate the greatest common factor of 1007 and 5719.
19
What is the greatest common factor of 17108 and 59540?
52
What is the greatest common factor of 15028 and 3068?
52
What is the highest common factor of 227373 and 7011?
57
Calculate the highest common factor of 37592 and 24.
8
Calculate the highest common divisor of 56 and 28592.
8
Calculate the greatest common factor of 26 and 212914.
26
Calculate the greatest common divisor of 880 and 284080.
80
Calculate the greatest common factor of 14016 and 2496.
192
What is the highest common divisor of 111 and 68487?
111
Calculate the highest common divisor of 849799 and 1207.
71
Calculate the highest common divisor of 313984 and 2676.
892
Calculate the greatest common divisor of 216 and 185301.
27
Calculate the greatest common divisor of 13 and 2744261.
13
Calculate the highest common divisor of 462 and 542454.
66
Calculate the greatest common factor of 280240 and 81840.
2480
Calculate the greatest common factor of 131573 and 10179.
377
What is the highest common factor of 178 and 223034?
178
What is the greatest common divisor of 39 and 624?
39
Calculate the highest common divisor of 31716 and 2880.
36
What is the greatest common factor of 501 and 24883?
167
Calculate the greatest common factor of 549 and 24888.
183
What is the highest common factor of 13436 and 12?
4
Calculate the highest common factor of 518 and 9472.
74
Calculate the highest common factor of 30468 and 36.
12
What is the highest common factor of 39881 and 19?
19
What is the greatest common divisor of 332576 and 1216?
608
What is the highest common divisor of 1061693 and 193?
193
Calculate the highest common divisor of 726496 and 160.
32
What is the highest common divisor of 6054 and 66?
6
Calculate the greatest common divisor of 195696 and 3020.
604
Calculate the highest common divisor of 22048 and 3536.
208
What is the highest common divisor of 543720 and 216?
24
What is the highest common divisor of 15 and 60315?
15
What is the highest common factor of 159 and 31902?
3
What is the greatest common divisor of 16 and 1274272?
16
Calculate the highest common factor of 3355 and 54351.
671
What is the greatest common divisor of 156 and 123756?
12
What is the highest common divisor of 54641 and 5951?
541
Calculate the highest common factor of 719499 and 11.
11
Calculate the greatest common factor of 4889317 and 69.
23
What is the highest common divisor of 225620 and 40?
20
Calculate the highest common divisor of 3280 and 20090.
410
Calculate the greatest common factor of 18390 and 5.
5
What is the greatest common divisor of 26664 and 72?
24
Calculate the highest common divisor of 33725 and 18525.
475
Calculate the highest common divisor of 51585 and 510.
15
Calculate the greatest common divisor of 2314 and 15886.
26
What is the highest common factor of 172 and 2073718?
86
Calculate the highest common divisor of 1696 and 526184.
424
What is the greatest common divisor of 4360 and 395888?
872
What is the greatest common factor of 757 and 1153668?
757
What is the highest common divisor of 25474 and 2444?
94
Calculate the greatest common factor of 844 and 364.
4
What is the greatest common factor of 264 and 22924?
44
Calculate the highest common factor of 3402 and 4027482.
486
What is the highest common factor of 1188 and 3980394?
594
What is the highest common factor of 238 and 178738?
238
What is the greatest common divisor of 3 and 70264?
1
What is the highest common factor of 43925 and 75?
25
What is the highest common factor of 423720 and 120?
120
What is the highest common divisor of 171741 and 57?
57
Calculate the greatest common factor of 318460 and 620.
20
Calculate the greatest common factor of 2929 and 841.
29
What is the greatest common factor of 22730 and 40?
10
Calculate the greatest common factor of 269238 and 138.
138
Calculate the highest common factor of 1470 and 1582308.
294
What is the greatest common divisor of 281582 and 238?
14
What is the greatest common factor of 129 and 921361?
43
Calculate the greatest common factor of 999 and 198.
9
What is the highest common factor of 74777 and 301129?
2021
What is the highest common factor of 42192 and 96?
48
Calculate the greatest common factor of 477988 and 5332.
172
What is the highest common divisor of 25758 and 53?
53
Calculate the highest common divisor of 1406682 and 102.
102
Calculate the highest common factor of 20406 and 301436.
358
Calculate the greatest common factor of 64 and 7072.
32
What is the highest common divisor of 3210 and 4450130?
1070
Calculate the greatest common divisor of 5490 and 630.
90
What is the greatest common divisor of 53004 and 1960?
28
What is the greatest common factor of 4820 and 1107395?
1205
Calculate the greatest common factor of 987 and 1833.
141
Calculate the highest common factor of 4185 and 279465.
465
What is the greatest common factor of 5555 and 55045?
505
What is the greatest common factor of 1673 and 44215?
239
Calculate the greatest common factor of 5 and 2419315.
5
Calculate the greatest common factor of 72192 and 7050.
282
What is the greatest common factor of 3654 and 144?
18
Calculate the greatest common divisor of 702 and 1080.
54
Calculate the highest common divisor of 96976 and 836.
836
Calculate the greatest common divisor of 10044 and 180.
36
What is the greatest common divisor of 8 and 62406?
2
What is the greatest common factor of 70 and 52654?
14
What is the highest common divisor of 72061 and 33?
11
Calculate the greatest common factor of 546 and 17892.
42
What is the highest common divisor of 1708 and 12932?
244
What is the greatest common factor of 2283983 and 39?
13
What is the greatest common divisor of 1545 and 30385?
515
Calculate the greatest common divisor of 8134 and 1494.
166
Calculate the highest common divisor of 110916 and 216.
108
What is the greatest common divisor of 768 and 144?
48
Calculate the highest common divisor of 37914 and 568.
142
Calculate the highest common divisor of 660195 and 1275.
255
Calculate the greatest common divisor of 2014409 and 23.
23
What is the greatest common factor of 211498 and 28?
14
Calculate the greatest common divisor of 10098 and 5576.
34
What is the greatest common factor of 477 and 2328078?
159
Calculate the greatest common divisor of 12943 and 91.
7
What is the highest common factor of 329 and 440531?
329
Calculate the greatest common divisor of 23358 and 2856.
102
Calculate the highest common divisor of 16687 and 22459.
37
What is the greatest common divisor of 12 and 2024?
4
Calculate the highest common divisor of 94 and 148896.
94
What is the greatest common factor of 1380 and 552460?
460
What is the greatest common factor of 122 and 330254?
122
What is the highest common factor of 2008580 and 14?
14
Calculate the greatest common divisor of 2850 and 18354.
114
Calculate the greatest common divisor of 151 and 5271863.
151
Calculate the greatest common divisor of 672 and 889.
7
What is the greatest common divisor of 50 and 91890?
10
What is the highest common factor of 96 and 17328?
48
What is the greatest common factor of 296856 and 567?
63
Calculate the highest common divisor of 936 and 42912.
72
Calculate the greatest common factor of 1 and 41983.
1
Calculate the highest common divisor of 227478 and 155.
31
What is the highest common divisor of 2068 and 1786?
94
Calculate the highest common divisor of 9143262 and 1548.
774
Calculate the highest common divisor of 2562 and 36722.
854
What is the highest common divisor of 1061454 and 57?
57
Calculate the greatest common factor of 816 and 611592.
408
Calculate the greatest common divisor of 1756388 and 2.
2
Calculate the highest common divisor of 240806 and 342.
38
Calculate the g